 number?
True
Let g be (-2)/8 + 135/(-20). Let k(b) = b**3 + 6*b**2 + 5*b - 2. Let i be k(g). Let n = i - -169. Is n composite?
False
Let p(x) = 30*x**3 + 4*x**2 + 2*x. Let h be p(3). Suppose -4*r + 928 = -h. Is r a prime number?
False
Suppose 2*z = 2*a - 10, -2*z - 15 = 4*a + z. Suppose -k = -a*k. Suppose -5 = q, 5*y + k*q - 3*q = 110. Is y a prime number?
True
Suppose z - 3*z = -10*z. Let l = -5 - -7. Suppose -38 = -z*v - l*v. Is v prime?
True
Is 1/4 + (247050/(-8))/(-3) composite?
True
Suppose 16 = 5*z + 81. Is (0 - -1)/(z/(-767)) composite?
False
Suppose 4*d - 13 = 5*y - 83, 0 = 5*y + 3*d - 70. Let k = y + -15. Let s(f) = 126*f**2 - 2*f - 1. Is s(k) composite?
False
Let y = 113 - -1793. Is y a composite number?
True
Let p be (-4)/24*-6*2. Is (-81510)/(-76) + 1/p*1 a prime number?
False
Suppose 0 = -0*h - 5*h + 30. Let d be h/(103/(-50) + 2). Let v = d - -333. Is v prime?
True
Suppose 1255 = 20*q - 15*q. Is q prime?
True
Suppose 5*s - 24 = -7*s. Is (921/(-18)*3)/((-1)/s) a prime number?
True
Let n(c) = 23*c**2 - 6*c - 15. Let r be n(7). Is ((-3)/(12/14))/((-5)/r) composite?
True
Let b(l) = 17*l**3 + 2*l**2 + 2*l - 3. Let n(x) = x**3 - x**2. Let r(w) = b(w) + n(w). Suppose -4*f + 9*d = 5*d, -3*d = 3*f - 12. Is r(f) a prime number?
True
Let c(t) = -24143*t**3 + 2*t**2 - 3. Is c(-1) prime?
False
Let u(t) = 225*t - 43. Is u(8) a composite number?
True
Let f(i) = -115*i + 199. Is f(-18) composite?
False
Let i be 7 - (3 - 2)*-4. Suppose -13*a = -i*a - 6846. Is a/(-14)*2/(-3) a composite number?
False
Let y(k) = 26*k - 1. Let q = -7 + 12. Suppose q*r = 2*g, 2*r - 2*g - 19 = -5*g. Is y(r) a prime number?
False
Let r(g) = g**3 - 11*g**2 - 14*g - 35. Let o = -41 + 56. Is r(o) a composite number?
True
Let f(q) = 2*q**2 + 2*q - 22. Let h be f(-13). Let l = h + -163. Is l composite?
False
Let f(u) = u**3 - u**2 - 6*u + 7. Let n be f(3). Is -1 + (2815 - (2 - n)) a composite number?
False
Let s be 2549/9 + 2/(-9). Let i(o) = -18*o**3 + 5*o**2 + 4*o - 1. Let r be i(-3). Let f = r - s. Is f prime?
False
Let o = 380 - 8. Let z = -17 + o. Is z a composite number?
True
Suppose -2540 = 3*v - 7*v. Is v prime?
False
Let o = 8 + 27. Is o a prime number?
False
Suppose 23*d - 7*d = 182288. Is d composite?
False
Let u(h) = 6*h**2 - 2*h + 2. Let b be u(-5). Suppose -2 = x, -3*x + b = z - 694. Let q = z + -605. Is q prime?
True
Suppose 11 - 1 = -5*h. Let v(z) = z + 3. Let w be v(-22). Is w*2/4*h composite?
False
Let n = -16 + 16. Is 189 - (2 - 4 - n) composite?
False
Let z(d) = d**2 + d - 5. Let x be z(0). Let n = x - -7. Let a(v) = 54*v**2 + 2*v + 1. Is a(n) a composite number?
True
Let k = 1703 - -3164. Let l = k - 1638. Is l a prime number?
True
Is (-40)/(8 - 16)*29 a composite number?
True
Let l(v) = -5*v**2 - 11*v - 19. Let o be l(-12). Let n = 894 + o. Is n prime?
False
Suppose 4058*n = 4073*n - 8115. Is n a composite number?
False
Suppose 4*k - 42 = 2*k. Let c = 58 - k. Is c a prime number?
True
Suppose 4*n + y + 244 + 29 = 0, -4*n - 4*y = 276. Let z = -65 - n. Is z composite?
False
Suppose 2*p + 16 = 16. Suppose p = 2*t + 3*m - 0*m - 2812, 2 = -m. Is t a composite number?
False
Suppose -19*n = -20*n + 19. Suppose -n*a + 16*a + 5007 = 0. Is a a composite number?
False
Let b = 45 + -42. Suppose 1842 - 336 = b*l. Is l a prime number?
False
Is ((-28)/(-42) - (-35408)/6) + 3 a prime number?
False
Suppose 0 = 4*j - f - 30767, 2*f + 30766 = j + 3*j. Suppose 2*p = 5*p - j. Suppose -4*r + p + 144 = 0. Is r a composite number?
False
Let b(u) = -73*u - 77. Is b(-12) composite?
True
Let g be (1/(-2))/(4/(-16)). Let h be (-2)/g*(1 - 6). Suppose 61 = -h*l + 506. Is l composite?
False
Let w(x) = -x**2 - 24*x + 5. Let d = -38 + 56. Suppose 0*v + d = -2*l + v, -l = -4*v + 2. Is w(l) prime?
False
Is (31283/35 + 1)*(-570)/(-12) composite?
True
Is 7810 - 35/(15/(-3)) a composite number?
False
Let k be -6*((-60)/18 - -3). Suppose 5*x = -k*f + 3279, 3*f - x = 2218 + 2709. Is f composite?
True
Let p(b) = b. Let o be p(4). Suppose -2*i - 5 = -x, 2*i + 23 = -x - o*x. Let d(k) = k**3 + 5*k**2 + k + 4. Is d(x) a composite number?
False
Let s = -1186 - -1187. Suppose -5*r - 3*a - 11 = 0, 0*r = 4*r - 2*a + 22. Is (-142)/(r*s/10) composite?
True
Let p(l) be the third derivative of -115*l**4/24 + 3*l**3 + 11*l**2. Is p(-11) prime?
True
Suppose -2*i + 170291 = -13*j + 16*j, -4*j + 4*i + 227088 = 0. Is j composite?
False
Let s be 6/(-15) + 24/10. Suppose 2*i + s*f - 25 - 69 = 0, -f = 2. Is i composite?
True
Suppose 0 = -h + 5*l - 0*l + 804, 2*h + 5*l = 1608. Suppose -3*p = 5*n - 1478, -p + 2*n - 315 = -h. Is p a prime number?
True
Suppose 3812 = 2*u - 4*t - 10618, u - 7220 = -3*t. Is u prime?
False
Let v(o) = o**3 - 6*o**2 - o + 11. Let t be v(6). Suppose -14 = t*b - 4. Is ((-34)/b)/((-1)/(-7)) composite?
True
Suppose 0*n = -n - 3*f + 5, f - 9 = -n. Let b = n + -8. Is b a prime number?
True
Let u = -686 + 466. Let v = u - -33. Let b = 122 - v. Is b prime?
False
Suppose -5*c + 38220 = 5*f, -11*c + 16*c - 4*f - 38175 = 0. Is c a composite number?
False
Suppose 0 = 2*y + r - 9645, -2*r = -4*y - y + 24126. Suppose 6*z = y - 1722. Is z a composite number?
True
Suppose -22209 = 12*d - 15*d. Is d prime?
False
Suppose 0 = 4*h - 20873 - 4223. Is h a composite number?
True
Let w be (3 - -3)*((63 - -3) + 3). Is w + (3 - 3) + -1 a prime number?
False
Let r(u) = 18*u - 1 + 38*u + 19*u. Is r(2) a composite number?
False
Let s(m) = -6*m - 6 - 6*m - m**2 + 0*m. Let r be s(-9). Suppose -r = -j + 46. Is j a composite number?
False
Suppose 12*q = 4784 - 236. Is q a composite number?
False
Suppose -3*k + x = -8916, -4*k = -5*x - 6466 - 5433. Is k composite?
False
Let w = 16858 + 865. Is w composite?
True
Suppose -3*c - 5*p - 5646 = -34224, 0 = c + 5*p - 9536. Is c a prime number?
True
Suppose 4*a + 9 - 25 = 0. Let x = 31 - a. Let k = x + -17. Is k composite?
True
Suppose -2*g + 10 - 2 = 0. Suppose -3*k + g*y = 2*y - 688, -1125 = -5*k - y. Is k composite?
True
Let g = 167955 + -119776. Is g a prime number?
True
Suppose -3*y + 3*r = -118830, -5*y - 4*r + 129590 + 68433 = 0. Is y a composite number?
False
Let i = 1236 - 598. Let j = i + -309. Is j composite?
True
Let u be (2 - 6)/((-1)/((-2)/(-2))). Is 2 - -2 - u - -1069 prime?
True
Let t = -14 + 21. Let v be (-6)/(-21)*(t + 0). Suppose v*k = -5*n - 0*k + 325, n - 52 = -3*k. Is n a composite number?
False
Let s = -14 - 9. Let c = s - -28. Suppose -5*t + 1239 = 4*o, c*o = -0*t - t + 231. Is t composite?
False
Let t = 17481 - 10582. Is t a prime number?
True
Suppose 4*w - 188 = -2*l, -w - 5*l + 31 = -7. Suppose -44*h = -w*h + 1868. Is h composite?
False
Let x = -1648 - -2613. Is x composite?
True
Let h(s) = 3 - 6 + 15*s - 17*s. Let j be h(-3). Is 2/6 + 110/j composite?
False
Let d = -19184 - -28187. Let x = -4142 + d. Is x a composite number?
False
Suppose 5*f - 2*q = 0, -3*q = -f - 21 + 8. Suppose 294 = a + 45. Suppose f*x - a = -x. Is x composite?
False
Suppose 21*c - 23*c = -542. Let z = 1386 - c. Is z prime?
False
Let i = 1775 + -298. Is i a prime number?
False
Let a be (-51)/(-15) - 15/(-25). Suppose y = 0, -2*y - 2708 = -a*t - 3*y. Is t a composite number?
False
Suppose -6*q + 1344 = -12558. Is q a prime number?
False
Let x = -6927 - -10629. Let o = -1213 + x. Is o a composite number?
True
Let d = 5 - 1. Suppose 2*p - 3*w - 36 = 83, -20 = -d*w. Is 1/(-2 + 135/p) composite?
False
Let z(w) = 128*w**2 + 6*w - 7. Is z(-5) prime?
True
Let c(y) = -y**3 + 16*y**2 - 11*y - 16 + 52 + 1. Is c(11) composite?
False
Let c be 2/5*135/9. Suppose b - c*b = 0. Let m(i) = -i + 169. Is m(b) prime?
False
Suppose 6 = -6*h - 18. Let d be 6/(-4)*(h - 32). Suppose -64 = -2*s + d. Is s a composite number?
False
Let p(w) be the second derivative of -w**5/20 + w**4/12 + 3*w**2/2 - 9*w. Let t be p(0). Is -1 - (1 - 439)/t a composite number?
True
Let l(u) = 190*u**2 - 43*u - 11. Is l(4) a composite number?
False
Is (2 - 6/4)*16102/1 a prime number?
False
Suppose 19*i = 23*i. Suppose -23*o + 27*o - 28 = i. Suppose -o*x = -5*x - 1114. Is x composite?
False
Suppose -8 = -2*f + 6. Suppose 393 = -4*i + f*i. Is i a prime number?
True
Let n(t) = 2*t**2 - 14*t + 45. Is n(13) a composite number?
True
Suppose 0 = 5*g - 25, 7*r - 2*r + g + 200 = 0. Let b = -5 - r. Is b + 4/(-4) - 2 prime?
False
S